{"id":25462,"date":"2022-01-05T10:44:39","date_gmt":"2022-01-05T10:44:39","guid":{"rendered":"https:\/\/www.reteoncologicacampana.it\/?page_id=25462"},"modified":"2022-01-05T10:46:11","modified_gmt":"2022-01-05T10:46:11","slug":"sei-un-medico-di-medicina-generale-e-vuoi-far-parte-della-rete-oncologica-campana","status":"publish","type":"page","link":"https:\/\/www.reteoncologicacampana.it\/?page_id=25462","title":{"rendered":"Sei un Medico di Medicina Generale e vuoi far parte della Rete Oncologica Campana?"},"content":{"rendered":"<p><a href=\"https:\/\/www.reteoncologicacampana.it\/wp-content\/uploads\/2022\/01\/COPERTINA_banner_MMG.jpg\"><img decoding=\"async\" loading=\"lazy\" class=\"alignnone size-full wp-image-25463\" src=\"https:\/\/www.reteoncologicacampana.it\/wp-content\/uploads\/2022\/01\/COPERTINA_banner_MMG.jpg\" alt=\"\" width=\"500\" height=\"250\" srcset=\"https:\/\/www.reteoncologicacampana.it\/wp-content\/uploads\/2022\/01\/COPERTINA_banner_MMG.jpg 500w, https:\/\/www.reteoncologicacampana.it\/wp-content\/uploads\/2022\/01\/COPERTINA_banner_MMG-300x150.jpg 300w\" sizes=\"(max-width: 500px) 100vw, 500px\" \/><\/a><\/p>\n<p>Scrivi al Coordinatore Scientifico della <strong>Rete Oncologica Campana Prof. S. Pignata<\/strong><br \/>\n<a href=\"mailto:s.pignata@istitutotumori.na.it\">s.pignata@istitutotumori.na.it<\/a> cos\u00ec da essere formato sull\u2019utilizzo della piattaforma.<\/p>\n<p>Al termine della formazione ti verranno fornite le credenziali per l\u2019accesso alla piattaforma ROC e da quel momento potrai inviare i nuovi casi di tumore direttamente ai <strong>Gruppi Oncologici Multidisciplinari (GOM)<\/strong> della Rete.<\/p>\n<p>Ci\u00f2 abbrevier\u00e0 enormemente il percorso diagnostico e faciliter\u00e0 la presa in carica del paziente<\/p>\n<blockquote><p><em>Un grazie di cuore per il tuo impegno a favore della ROC<\/em><\/p><\/blockquote>\n","protected":false},"excerpt":{"rendered":"<p>Scrivi al Coordinatore Scientifico della Rete Oncologica Campana Prof. S. Pignata s.pignata@istitutotumori.na.it cos\u00ec da essere formato sull\u2019utilizzo della piattaforma. Al&#8230;<\/p>\n","protected":false},"author":1,"featured_media":0,"parent":0,"menu_order":0,"comment_status":"closed","ping_status":"closed","template":"","meta":[],"yoast_head":"<!-- This site is optimized with the Yoast SEO plugin v20.3 - https:\/\/yoast.com\/wordpress\/plugins\/seo\/ -->\r\n<title>Sei un Medico di Medicina Generale e vuoi far parte della Rete Oncologica Campana? - R.O.C. - Rete Oncologica Campana<\/title>\r\n<meta name=\"robots\" content=\"index, follow, max-snippet:-1, max-image-preview:large, max-video-preview:-1\" \/>\r\n<link rel=\"canonical\" href=\"https:\/\/www.reteoncologicacampana.it\/?page_id=25462\" \/>\r\n<meta property=\"og:locale\" content=\"it_IT\" \/>\r\n<meta property=\"og:type\" content=\"article\" \/>\r\n<meta property=\"og:title\" content=\"Sei un Medico di Medicina Generale e vuoi far parte della Rete Oncologica Campana? - R.O.C. - Rete Oncologica Campana\" \/>\r\n<meta property=\"og:description\" content=\"Scrivi al Coordinatore Scientifico della Rete Oncologica Campana Prof. S. Pignata s.pignata@istitutotumori.na.it cos\u00ec da essere formato sull\u2019utilizzo della piattaforma. Al...\" \/>\r\n<meta property=\"og:url\" content=\"https:\/\/www.reteoncologicacampana.it\/?page_id=25462\" \/>\r\n<meta property=\"og:site_name\" content=\"R.O.C. - Rete Oncologica Campana\" \/>\r\n<meta property=\"article:modified_time\" content=\"2022-01-05T10:46:11+00:00\" \/>\r\n<meta property=\"og:image\" content=\"https:\/\/www.reteoncologicacampana.it\/wp-content\/uploads\/2022\/01\/COPERTINA_banner_MMG.jpg\" \/>\r\n<meta name=\"twitter:card\" content=\"summary_large_image\" \/>\r\n<script type=\"application\/ld+json\" class=\"yoast-schema-graph\">{\"@context\":\"https:\/\/schema.org\",\"@graph\":[{\"@type\":\"WebPage\",\"@id\":\"https:\/\/www.reteoncologicacampana.it\/?page_id=25462\",\"url\":\"https:\/\/www.reteoncologicacampana.it\/?page_id=25462\",\"name\":\"Sei un Medico di Medicina Generale e vuoi far parte della Rete Oncologica Campana? - R.O.C. - Rete Oncologica Campana\",\"isPartOf\":{\"@id\":\"https:\/\/www.reteoncologicacampana.it\/#website\"},\"datePublished\":\"2022-01-05T10:44:39+00:00\",\"dateModified\":\"2022-01-05T10:46:11+00:00\",\"breadcrumb\":{\"@id\":\"https:\/\/www.reteoncologicacampana.it\/?page_id=25462#breadcrumb\"},\"inLanguage\":\"it-IT\",\"potentialAction\":[{\"@type\":\"ReadAction\",\"target\":[\"https:\/\/www.reteoncologicacampana.it\/?page_id=25462\"]}]},{\"@type\":\"BreadcrumbList\",\"@id\":\"https:\/\/www.reteoncologicacampana.it\/?page_id=25462#breadcrumb\",\"itemListElement\":[{\"@type\":\"ListItem\",\"position\":1,\"name\":\"Home\",\"item\":\"https:\/\/www.reteoncologicacampana.it\/\"},{\"@type\":\"ListItem\",\"position\":2,\"name\":\"Sei un Medico di Medicina Generale e vuoi far parte della Rete Oncologica Campana?\"}]},{\"@type\":\"WebSite\",\"@id\":\"https:\/\/www.reteoncologicacampana.it\/#website\",\"url\":\"https:\/\/www.reteoncologicacampana.it\/\",\"name\":\"R.O.C. - Rete Oncologica Campana\",\"description\":\"\",\"potentialAction\":[{\"@type\":\"SearchAction\",\"target\":{\"@type\":\"EntryPoint\",\"urlTemplate\":\"https:\/\/www.reteoncologicacampana.it\/?s={search_term_string}\"},\"query-input\":\"required name=search_term_string\"}],\"inLanguage\":\"it-IT\"}]}<\/script>\r\n<!-- \/ Yoast SEO plugin. -->","yoast_head_json":{"title":"Sei un Medico di Medicina Generale e vuoi far parte della Rete Oncologica Campana? - R.O.C. - Rete Oncologica Campana","robots":{"index":"index","follow":"follow","max-snippet":"max-snippet:-1","max-image-preview":"max-image-preview:large","max-video-preview":"max-video-preview:-1"},"canonical":"https:\/\/www.reteoncologicacampana.it\/?page_id=25462","og_locale":"it_IT","og_type":"article","og_title":"Sei un Medico di Medicina Generale e vuoi far parte della Rete Oncologica Campana? - R.O.C. - Rete Oncologica Campana","og_description":"Scrivi al Coordinatore Scientifico della Rete Oncologica Campana Prof. S. Pignata s.pignata@istitutotumori.na.it cos\u00ec da essere formato sull\u2019utilizzo della piattaforma. Al...","og_url":"https:\/\/www.reteoncologicacampana.it\/?page_id=25462","og_site_name":"R.O.C. - Rete Oncologica Campana","article_modified_time":"2022-01-05T10:46:11+00:00","og_image":[{"url":"https:\/\/www.reteoncologicacampana.it\/wp-content\/uploads\/2022\/01\/COPERTINA_banner_MMG.jpg"}],"twitter_card":"summary_large_image","schema":{"@context":"https:\/\/schema.org","@graph":[{"@type":"WebPage","@id":"https:\/\/www.reteoncologicacampana.it\/?page_id=25462","url":"https:\/\/www.reteoncologicacampana.it\/?page_id=25462","name":"Sei un Medico di Medicina Generale e vuoi far parte della Rete Oncologica Campana? - R.O.C. - Rete Oncologica Campana","isPartOf":{"@id":"https:\/\/www.reteoncologicacampana.it\/#website"},"datePublished":"2022-01-05T10:44:39+00:00","dateModified":"2022-01-05T10:46:11+00:00","breadcrumb":{"@id":"https:\/\/www.reteoncologicacampana.it\/?page_id=25462#breadcrumb"},"inLanguage":"it-IT","potentialAction":[{"@type":"ReadAction","target":["https:\/\/www.reteoncologicacampana.it\/?page_id=25462"]}]},{"@type":"BreadcrumbList","@id":"https:\/\/www.reteoncologicacampana.it\/?page_id=25462#breadcrumb","itemListElement":[{"@type":"ListItem","position":1,"name":"Home","item":"https:\/\/www.reteoncologicacampana.it\/"},{"@type":"ListItem","position":2,"name":"Sei un Medico di Medicina Generale e vuoi far parte della Rete Oncologica Campana?"}]},{"@type":"WebSite","@id":"https:\/\/www.reteoncologicacampana.it\/#website","url":"https:\/\/www.reteoncologicacampana.it\/","name":"R.O.C. - Rete Oncologica Campana","description":"","potentialAction":[{"@type":"SearchAction","target":{"@type":"EntryPoint","urlTemplate":"https:\/\/www.reteoncologicacampana.it\/?s={search_term_string}"},"query-input":"required name=search_term_string"}],"inLanguage":"it-IT"}]}},"_links":{"self":[{"href":"https:\/\/www.reteoncologicacampana.it\/index.php?rest_route=\/wp\/v2\/pages\/25462"}],"collection":[{"href":"https:\/\/www.reteoncologicacampana.it\/index.php?rest_route=\/wp\/v2\/pages"}],"about":[{"href":"https:\/\/www.reteoncologicacampana.it\/index.php?rest_route=\/wp\/v2\/types\/page"}],"author":[{"embeddable":true,"href":"https:\/\/www.reteoncologicacampana.it\/index.php?rest_route=\/wp\/v2\/users\/1"}],"replies":[{"embeddable":true,"href":"https:\/\/www.reteoncologicacampana.it\/index.php?rest_route=%2Fwp%2Fv2%2Fcomments&post=25462"}],"version-history":[{"count":1,"href":"https:\/\/www.reteoncologicacampana.it\/index.php?rest_route=\/wp\/v2\/pages\/25462\/revisions"}],"predecessor-version":[{"id":25464,"href":"https:\/\/www.reteoncologicacampana.it\/index.php?rest_route=\/wp\/v2\/pages\/25462\/revisions\/25464"}],"wp:attachment":[{"href":"https:\/\/www.reteoncologicacampana.it\/index.php?rest_route=%2Fwp%2Fv2%2Fmedia&parent=25462"}],"curies":[{"name":"wp","href":"https:\/\/api.w.org\/{rel}","templated":true}]}}